{"id":535,"date":"2015-05-25T18:59:45","date_gmt":"2015-05-25T18:59:45","guid":{"rendered":"http:\/\/jornalismo.ufsj.edu.br\/?page_id=535"},"modified":"2018-11-10T08:22:31","modified_gmt":"2018-11-10T11:22:31","slug":"grade-curricular","status":"publish","type":"page","link":"http:\/\/anu.ufsj.edu.br\/site\/grade-curricular\/","title":{"rendered":"Grade curricular"},"content":{"rendered":"<p style=\"text-align: justify;\">A matriz curricular do Curso de Comunica\u00e7\u00e3o Social &#8211; Jornalismo da UFSJ \u00e9 formada por 37 disciplinas obrigat\u00f3rias, mais duas disciplinas optativas de T\u00f3pico Vari\u00e1vel em Jornalismo Especializado e mais tr\u00eas disciplinas optativas de Semin\u00e1rios em Comunica\u00e7\u00e3o I, II e III, em que o aluno pode optar pelas disciplinas oferecidas.<\/p>\n<p style=\"text-align: justify;\">\nEntre as disciplinas oferecidas de Jornalismo Especializado e de Semin\u00e1rios em Comunica\u00e7\u00e3o, com tem\u00e1ticas que podem variar para dar din\u00e2mica, flexibilizar o curr\u00edculo e garantir maior pluralidade em termos de conhecimento, o aluno \u00e9 obrigado a cursar duas disciplinas de Jornalismo Especializado de acordo com a sua prefer\u00eancia e tr\u00eas de Semin\u00e1rios em Comunica\u00e7\u00e3o tamb\u00e9m a partir de sua escolha. Al\u00e9m disso, \u00e9 oferecida de Libra (optativa).<\/p>\n<p style=\"text-align: justify;\">\nO aluno tem que fazer ainda o Trabalho de Conclus\u00e3o de Curso (TCC), com 282 horas, mais 300 horas de Atividades Complementares (AC) e 200 horas de Est\u00e1gio Supervisionado, <strong>perfazendo um total de 3.200 horas<\/strong>. O curso \u00e9 estruturado em oito semestres de 18 semanas.<\/p>\n<h3 style=\"text-align: justify;\">1\u00ba PER\u00cdODO<\/h3>\n<p style=\"text-align: justify;\">Antropologia Cultural<br \/>\nTeorias da Comunica\u00e7\u00e3o<br \/>\nHist\u00f3ria do Jornalismo<br \/>\nNarrativas Jornal\u00edsticas<br \/>\nProdu\u00e7\u00e3o Textual<\/p>\n<h3 style=\"text-align: justify;\">2\u00ba PER\u00cdODO<\/h3>\n<p style=\"text-align: justify;\">Fotojornalismo<br \/>\nSociologia<br \/>\nTeorias do Jornalismo<br \/>\nProdu\u00e7\u00e3o Editorial<br \/>\nCi\u00eancias da Linguagem<\/p>\n<h3 style=\"text-align: justify;\">3\u00ba PER\u00cdODO<\/h3>\n<p style=\"text-align: justify;\">Filosofia<br \/>\nT\u00f3pico Vari\u00e1vel em Jornalismo Especializado I \u2013 Jornalismo Cultural<br \/>\nComunica\u00e7\u00e3o e Arte<br \/>\nRadiojornalismo \u2013 Teoria e Pr\u00e1tica<br \/>\nOficina de Jornalismo Impresso I<\/p>\n<h3 style=\"text-align: justify;\">4\u00ba PER\u00cdODO<\/h3>\n<p style=\"text-align: justify;\">Comunica\u00e7\u00e3o Digital e Webjornalismo<br \/>\nT\u00f3pico Vari\u00e1vel em Comunica\u00e7\u00e3o e Meio Ambiente<br \/>\nOficina de Radiojornalismo<br \/>\nOficina de Jornalismo Impresso II<br \/>\nMetodologia e T\u00e9cnicas de Pesquisa<br \/>\nT\u00f3pico Vari\u00e1vel em Jornalismo Especializado II \u2013 Jornalismo Pol\u00edtico, Jornalismo Econ\u00f4mico ou Jornalismo Internacional<\/p>\n<h3 style=\"text-align: justify;\">5\u00ba PER\u00cdODO<\/h3>\n<p style=\"text-align: justify;\">Comunica\u00e7\u00e3o Organizacional<br \/>\nOficina de Webjornalismo<br \/>\nT\u00f3pico Vari\u00e1vel em Jornalismo Especializado III \u2013 Jornalismo Cient\u00edfico, Jornalismo Esportivo ou Jornalismo Ambiental<br \/>\nTelejornalismo \u2013 Teoria e Pr\u00e1tica<br \/>\nCultura Brasileira e Quest\u00f5es \u00c9tnico-Raciais<\/p>\n<h3 style=\"text-align: justify;\">6\u00ba PER\u00cdODO<\/h3>\n<p style=\"text-align: justify;\">Psicologia<br \/>\nAssessoria de Comunica\u00e7\u00e3o<br \/>\nSemin\u00e1rios em Comunica\u00e7\u00e3o I<br \/>\n\u00c9tica e Legisla\u00e7\u00e3o em Jornalismo<br \/>\nAn\u00e1lise Cr\u00edtica da M\u00eddia<br \/>\nReportagens Especiais<\/p>\n<h3 style=\"text-align: justify;\">7\u00ba PER\u00cdODO<\/h3>\n<p style=\"text-align: justify;\">T\u00f3pico Vari\u00e1vel em Comunica\u00e7\u00e3o e Imagem<br \/>\nPesquisa em Comunica\u00e7\u00e3o e em Jornalismo<br \/>\nT\u00f3pico Vari\u00e1vel em Comunica\u00e7\u00e3o e Jornalismo Regional<br \/>\nSemin\u00e1rios em Comunica\u00e7\u00e3o II<br \/>\nEducomunica\u00e7\u00e3o<br \/>\nOficina de Telejornalismo<br \/>\nSistemas e Pol\u00edticas de M\u00eddia<\/p>\n<h3 style=\"text-align: justify;\">8\u00ba PER\u00cdODO<\/h3>\n<p style=\"text-align: justify;\">Projeto Experimental em Jornalismo<br \/>\nDocument\u00e1rio<br \/>\nEmpreendedorismo em Comunica\u00e7\u00e3o e em Jornalismo<br \/>\nSemin\u00e1rios em Comunica\u00e7\u00e3o III<\/p>\n<p>As ementas das disciplinas est\u00e3o dispon\u00edveis no Projeto Pedag\u00f3gico do Curso (PPC), dispon\u00edvel no <a href=\"https:\/\/drive.google.com\/open?id=1glkRGkHAhDuTToFCqinf_je7DrPiTI2t\">link<\/a>.<\/p>\n","protected":false},"excerpt":{"rendered":"<p>A matriz curricular do Curso de Comunica\u00e7\u00e3o Social &#8211; Jornalismo da UFSJ \u00e9 formada por 37 disciplinas obrigat\u00f3rias, mais duas disciplinas optativas de T\u00f3pico Vari\u00e1vel em Jornalismo Especializado e mais tr\u00eas disciplinas optativas de Semin\u00e1rios em Comunica\u00e7\u00e3o I, II e&#8230;<\/p>\n","protected":false},"author":3,"featured_media":0,"parent":0,"menu_order":0,"comment_status":"open","ping_status":"open","template":"","meta":{"_monsterinsights_skip_tracking":false,"_monsterinsights_sitenote_active":false,"_monsterinsights_sitenote_note":"","_monsterinsights_sitenote_category":0},"yoast_head":"<!-- This site is optimized with the Yoast SEO plugin v20.6 - https:\/\/yoast.com\/wordpress\/plugins\/seo\/ -->\n<title>Grade curricular - Jornalismo UFSJ<\/title>\n<meta name=\"robots\" content=\"index, follow, max-snippet:-1, max-image-preview:large, max-video-preview:-1\" \/>\n<link rel=\"canonical\" href=\"https:\/\/jornalismo.ufsj.edu.br\/site\/grade-curricular\/\" \/>\n<meta property=\"og:locale\" content=\"pt_BR\" \/>\n<meta property=\"og:type\" content=\"article\" \/>\n<meta property=\"og:title\" content=\"Grade curricular - Jornalismo UFSJ\" \/>\n<meta property=\"og:description\" content=\"A matriz curricular do Curso de Comunica\u00e7\u00e3o Social &#8211; Jornalismo da UFSJ \u00e9 formada por 37 disciplinas obrigat\u00f3rias, mais duas disciplinas optativas de T\u00f3pico Vari\u00e1vel em Jornalismo Especializado e mais tr\u00eas disciplinas optativas de Semin\u00e1rios em Comunica\u00e7\u00e3o I, II e...\" \/>\n<meta property=\"og:url\" content=\"https:\/\/jornalismo.ufsj.edu.br\/site\/grade-curricular\/\" \/>\n<meta property=\"og:site_name\" content=\"Jornalismo UFSJ\" \/>\n<meta property=\"article:publisher\" content=\"https:\/\/www.facebook.com\/jornalismoufsj\/\" \/>\n<meta property=\"article:modified_time\" content=\"2018-11-10T11:22:31+00:00\" \/>\n<meta name=\"twitter:card\" content=\"summary_large_image\" \/>\n<meta name=\"twitter:site\" content=\"@jornalismoufsj\" \/>\n<meta name=\"twitter:label1\" content=\"Est. tempo de leitura\" \/>\n\t<meta name=\"twitter:data1\" content=\"2 minutos\" \/>\n<script type=\"application\/ld+json\" class=\"yoast-schema-graph\">{\"@context\":\"https:\/\/schema.org\",\"@graph\":[{\"@type\":\"WebPage\",\"@id\":\"https:\/\/jornalismo.ufsj.edu.br\/site\/grade-curricular\/\",\"url\":\"https:\/\/jornalismo.ufsj.edu.br\/site\/grade-curricular\/\",\"name\":\"Grade curricular - Jornalismo UFSJ\",\"isPartOf\":{\"@id\":\"http:\/\/jornalismo.ufsj.edu.br\/site\/#website\"},\"datePublished\":\"2015-05-25T18:59:45+00:00\",\"dateModified\":\"2018-11-10T11:22:31+00:00\",\"breadcrumb\":{\"@id\":\"https:\/\/jornalismo.ufsj.edu.br\/site\/grade-curricular\/#breadcrumb\"},\"inLanguage\":\"pt-BR\",\"potentialAction\":[{\"@type\":\"ReadAction\",\"target\":[\"https:\/\/jornalismo.ufsj.edu.br\/site\/grade-curricular\/\"]}]},{\"@type\":\"BreadcrumbList\",\"@id\":\"https:\/\/jornalismo.ufsj.edu.br\/site\/grade-curricular\/#breadcrumb\",\"itemListElement\":[{\"@type\":\"ListItem\",\"position\":1,\"name\":\"In\u00edcio\",\"item\":\"http:\/\/jornalismo.ufsj.edu.br\/site\/\"},{\"@type\":\"ListItem\",\"position\":2,\"name\":\"Grade curricular\"}]},{\"@type\":\"WebSite\",\"@id\":\"http:\/\/jornalismo.ufsj.edu.br\/site\/#website\",\"url\":\"http:\/\/jornalismo.ufsj.edu.br\/site\/\",\"name\":\"Jornalismo UFSJ\",\"description\":\"\",\"potentialAction\":[{\"@type\":\"SearchAction\",\"target\":{\"@type\":\"EntryPoint\",\"urlTemplate\":\"http:\/\/jornalismo.ufsj.edu.br\/site\/?s={search_term_string}\"},\"query-input\":\"required name=search_term_string\"}],\"inLanguage\":\"pt-BR\"}]}<\/script>\n<!-- \/ Yoast SEO plugin. -->","yoast_head_json":{"title":"Grade curricular - Jornalismo UFSJ","robots":{"index":"index","follow":"follow","max-snippet":"max-snippet:-1","max-image-preview":"max-image-preview:large","max-video-preview":"max-video-preview:-1"},"canonical":"https:\/\/jornalismo.ufsj.edu.br\/site\/grade-curricular\/","og_locale":"pt_BR","og_type":"article","og_title":"Grade curricular - Jornalismo UFSJ","og_description":"A matriz curricular do Curso de Comunica\u00e7\u00e3o Social &#8211; Jornalismo da UFSJ \u00e9 formada por 37 disciplinas obrigat\u00f3rias, mais duas disciplinas optativas de T\u00f3pico Vari\u00e1vel em Jornalismo Especializado e mais tr\u00eas disciplinas optativas de Semin\u00e1rios em Comunica\u00e7\u00e3o I, II e...","og_url":"https:\/\/jornalismo.ufsj.edu.br\/site\/grade-curricular\/","og_site_name":"Jornalismo UFSJ","article_publisher":"https:\/\/www.facebook.com\/jornalismoufsj\/","article_modified_time":"2018-11-10T11:22:31+00:00","twitter_card":"summary_large_image","twitter_site":"@jornalismoufsj","twitter_misc":{"Est. tempo de leitura":"2 minutos"},"schema":{"@context":"https:\/\/schema.org","@graph":[{"@type":"WebPage","@id":"https:\/\/jornalismo.ufsj.edu.br\/site\/grade-curricular\/","url":"https:\/\/jornalismo.ufsj.edu.br\/site\/grade-curricular\/","name":"Grade curricular - Jornalismo UFSJ","isPartOf":{"@id":"http:\/\/jornalismo.ufsj.edu.br\/site\/#website"},"datePublished":"2015-05-25T18:59:45+00:00","dateModified":"2018-11-10T11:22:31+00:00","breadcrumb":{"@id":"https:\/\/jornalismo.ufsj.edu.br\/site\/grade-curricular\/#breadcrumb"},"inLanguage":"pt-BR","potentialAction":[{"@type":"ReadAction","target":["https:\/\/jornalismo.ufsj.edu.br\/site\/grade-curricular\/"]}]},{"@type":"BreadcrumbList","@id":"https:\/\/jornalismo.ufsj.edu.br\/site\/grade-curricular\/#breadcrumb","itemListElement":[{"@type":"ListItem","position":1,"name":"In\u00edcio","item":"http:\/\/jornalismo.ufsj.edu.br\/site\/"},{"@type":"ListItem","position":2,"name":"Grade curricular"}]},{"@type":"WebSite","@id":"http:\/\/jornalismo.ufsj.edu.br\/site\/#website","url":"http:\/\/jornalismo.ufsj.edu.br\/site\/","name":"Jornalismo UFSJ","description":"","potentialAction":[{"@type":"SearchAction","target":{"@type":"EntryPoint","urlTemplate":"http:\/\/jornalismo.ufsj.edu.br\/site\/?s={search_term_string}"},"query-input":"required name=search_term_string"}],"inLanguage":"pt-BR"}]}},"_links":{"self":[{"href":"http:\/\/anu.ufsj.edu.br\/site\/wp-json\/wp\/v2\/pages\/535"}],"collection":[{"href":"http:\/\/anu.ufsj.edu.br\/site\/wp-json\/wp\/v2\/pages"}],"about":[{"href":"http:\/\/anu.ufsj.edu.br\/site\/wp-json\/wp\/v2\/types\/page"}],"author":[{"embeddable":true,"href":"http:\/\/anu.ufsj.edu.br\/site\/wp-json\/wp\/v2\/users\/3"}],"replies":[{"embeddable":true,"href":"http:\/\/anu.ufsj.edu.br\/site\/wp-json\/wp\/v2\/comments?post=535"}],"version-history":[{"count":2,"href":"http:\/\/anu.ufsj.edu.br\/site\/wp-json\/wp\/v2\/pages\/535\/revisions"}],"predecessor-version":[{"id":6465,"href":"http:\/\/anu.ufsj.edu.br\/site\/wp-json\/wp\/v2\/pages\/535\/revisions\/6465"}],"wp:attachment":[{"href":"http:\/\/anu.ufsj.edu.br\/site\/wp-json\/wp\/v2\/media?parent=535"}],"curies":[{"name":"wp","href":"https:\/\/api.w.org\/{rel}","templated":true}]}}

<p style="text-align: justify;">A matriz curricular do Curso de Comunicação Social &#8211; Jornalismo da UFSJ é formada por 37 disciplinas obrigatórias, mais duas disciplinas optativas de Tópico Variável em Jornalismo Especializado e mais três disciplinas optativas de Seminários em Comunicação I, II e III, em que o aluno pode optar pelas disciplinas oferecidas.</p>
<p style="text-align: justify;">
Entre as disciplinas oferecidas de Jornalismo Especializado e de Seminários em Comunicação, com temáticas que podem variar para dar dinâmica, flexibilizar o currículo e garantir maior pluralidade em termos de conhecimento, o aluno é obrigado a cursar duas disciplinas de Jornalismo Especializado de acordo com a sua preferência e três de Seminários em Comunicação também a partir de sua escolha. Além disso, é oferecida de Libra (optativa).</p>
<p style="text-align: justify;">
O aluno tem que fazer ainda o Trabalho de Conclusão de Curso (TCC), com 282 horas, mais 300 horas de Atividades Complementares (AC) e 200 horas de Estágio Supervisionado, <strong>perfazendo um total de 3.200 horas</strong>. O curso é estruturado em oito semestres de 18 semanas.</p>
<h3 style="text-align: justify;">1º PERÍODO</h3>
<p style="text-align: justify;">Antropologia Cultural<br />
Teorias da Comunicação<br />
História do Jornalismo<br />
Narrativas Jornalísticas<br />
Produção Textual</p>
<h3 style="text-align: justify;">2º PERÍODO</h3>
<p style="text-align: justify;">Fotojornalismo<br />
Sociologia<br />
Teorias do Jornalismo<br />
Produção Editorial<br />
Ciências da Linguagem</p>
<h3 style="text-align: justify;">3º PERÍODO</h3>
<p style="text-align: justify;">Filosofia<br />
Tópico Variável em Jornalismo Especializado I – Jornalismo Cultural<br />
Comunicação e Arte<br />
Radiojornalismo – Teoria e Prática<br />
Oficina de Jornalismo Impresso I</p>
<h3 style="text-align: justify;">4º PERÍODO</h3>
<p style="text-align: justify;">Comunicação Digital e Webjornalismo<br />
Tópico Variável em Comunicação e Meio Ambiente<br />
Oficina de Radiojornalismo<br />
Oficina de Jornalismo Impresso II<br />
Metodologia e Técnicas de Pesquisa<br />
Tópico Variável em Jornalismo Especializado II – Jornalismo Político, Jornalismo Econômico ou Jornalismo Internacional</p>
<h3 style="text-align: justify;">5º PERÍODO</h3>
<p style="text-align: justify;">Comunicação Organizacional<br />
Oficina de Webjornalismo<br />
Tópico Variável em Jornalismo Especializado III – Jornalismo Científico, Jornalismo Esportivo ou Jornalismo Ambiental<br />
Telejornalismo – Teoria e Prática<br />
Cultura Brasileira e Questões Étnico-Raciais</p>
<h3 style="text-align: justify;">6º PERÍODO</h3>
<p style="text-align: justify;">Psicologia<br />
Assessoria de Comunicação<br />
Seminários em Comunicação I<br />
Ética e Legislação em Jornalismo<br />
Análise Crítica da Mídia<br />
Reportagens Especiais</p>
<h3 style="text-align: justify;">7º PERÍODO</h3>
<p style="text-align: justify;">Tópico Variável em Comunicação e Imagem<br />
Pesquisa em Comunicação e em Jornalismo<br />
Tópico Variável em Comunicação e Jornalismo Regional<br />
Seminários em Comunicação II<br />
Educomunicação<br />
Oficina de Telejornalismo<br />
Sistemas e Políticas de Mídia</p>
<h3 style="text-align: justify;">8º PERÍODO</h3>
<p style="text-align: justify;">Projeto Experimental em Jornalismo<br />
Documentário<br />
Empreendedorismo em Comunicação e em Jornalismo<br />
Seminários em Comunicação III</p>
<p>As ementas das disciplinas estão disponíveis no Projeto Pedagógico do Curso (PPC), disponível no <a href="https://drive.google.com/open?id=1glkRGkHAhDuTToFCqinf_je7DrPiTI2t">link</a>.</p>

<p>A matriz curricular do Curso de Comunicação Social &#8211; Jornalismo da UFSJ é formada por 37 disciplinas obrigatórias, mais duas disciplinas optativas de Tópico Variável em Jornalismo Especializado e mais três disciplinas optativas de Seminários em Comunicação I, II e&#8230;</p>

<!-- This site is optimized with the Yoast SEO plugin v20.6 - https://yoast.com/wordpress/plugins/seo/ -->
<title>Grade curricular - Jornalismo UFSJ</title>
<meta name="robots" content="index, follow, max-snippet:-1, max-image-preview:large, max-video-preview:-1" />
<link rel="canonical" href="https://jornalismo.ufsj.edu.br/site/grade-curricular/" />
<meta property="og:locale" content="pt_BR" />
<meta property="og:type" content="article" />
<meta property="og:title" content="Grade curricular - Jornalismo UFSJ" />
<meta property="og:description" content="A matriz curricular do Curso de Comunicação Social &#8211; Jornalismo da UFSJ é formada por 37 disciplinas obrigatórias, mais duas disciplinas optativas de Tópico Variável em Jornalismo Especializado e mais três disciplinas optativas de Seminários em Comunicação I, II e..." />
<meta property="og:url" content="https://jornalismo.ufsj.edu.br/site/grade-curricular/" />
<meta property="og:site_name" content="Jornalismo UFSJ" />
<meta property="article:publisher" content="https://www.facebook.com/jornalismoufsj/" />
<meta property="article:modified_time" content="2018-11-10T11:22:31+00:00" />
<meta name="twitter:card" content="summary_large_image" />
<meta name="twitter:site" content="@jornalismoufsj" />
<meta name="twitter:label1" content="Est. tempo de leitura" />
	<meta name="twitter:data1" content="2 minutos" />
<script type="application/ld+json" class="yoast-schema-graph">{"@context":"https://schema.org","@graph":[{"@type":"WebPage","@id":"https://jornalismo.ufsj.edu.br/site/grade-curricular/","url":"https://jornalismo.ufsj.edu.br/site/grade-curricular/","name":"Grade curricular - Jornalismo UFSJ","isPartOf":{"@id":"http://jornalismo.ufsj.edu.br/site/#website"},"datePublished":"2015-05-25T18:59:45+00:00","dateModified":"2018-11-10T11:22:31+00:00","breadcrumb":{"@id":"https://jornalismo.ufsj.edu.br/site/grade-curricular/#breadcrumb"},"inLanguage":"pt-BR","potentialAction":[{"@type":"ReadAction","target":["https://jornalismo.ufsj.edu.br/site/grade-curricular/"]}]},{"@type":"BreadcrumbList","@id":"https://jornalismo.ufsj.edu.br/site/grade-curricular/#breadcrumb","itemListElement":[{"@type":"ListItem","position":1,"name":"Início","item":"http://jornalismo.ufsj.edu.br/site/"},{"@type":"ListItem","position":2,"name":"Grade curricular"}]},{"@type":"WebSite","@id":"http://jornalismo.ufsj.edu.br/site/#website","url":"http://jornalismo.ufsj.edu.br/site/","name":"Jornalismo UFSJ","description":"","potentialAction":[{"@type":"SearchAction","target":{"@type":"EntryPoint","urlTemplate":"http://jornalismo.ufsj.edu.br/site/?s={search_term_string}"},"query-input":"required name=search_term_string"}],"inLanguage":"pt-BR"}]}</script>
<!-- / Yoast SEO plugin. -->

A matriz curricular do Curso de Comunicação Social &#8211; Jornalismo da UFSJ é formada por 37 disciplinas obrigatórias, mais duas disciplinas optativas de Tópico Variável em Jornalismo Especializado e mais três disciplinas optativas de Seminários em Comunicação I, II e...

Início
