{"id":751,"date":"2015-08-13T06:31:54","date_gmt":"2015-08-13T06:31:54","guid":{"rendered":"http:\/\/jornalismo.ufsj.edu.br\/?page_id=751"},"modified":"2018-10-15T00:45:00","modified_gmt":"2018-10-15T03:45:00","slug":"radiojornalismo","status":"publish","type":"page","link":"http:\/\/anu.ufsj.edu.br\/site\/radiojornalismo\/","title":{"rendered":"Radiojornalismo"},"content":{"rendered":"<p><a href=\"http:\/\/jornalismo.ufsj.edu.br\/wp-content\/uploads\/2015\/08\/radiojornalismo.jpg\"><img loading=\"lazy\" class=\"alignnone size-medium wp-image-752\" src=\"http:\/\/jornalismo.ufsj.edu.br\/wp-content\/uploads\/2015\/08\/radiojornalismo.jpg?w=300\" alt=\"radiojornalismo\" width=\"300\" height=\"98\" \/><\/a><\/p>\n<p style=\"text-align: justify;\"><span lang=\"PT-BR\">O Laborat\u00f3rio de R\u00e1dio visa dar o apoio necess\u00e1rio \u00e0s atividades acad\u00eamicas e pr\u00e1ticas ligadas \u00e0 disciplina Oficina de Radiojornalismo. Este laborat\u00f3rio possui os seguintes objetivos: Estimular e promover o conhecimento e as atividades pr\u00e1ticas na \u00e1rea da disciplina Oficina de Radiojornalismo; Oferecer o suporte poss\u00edvel \u00e0s demais disciplinas do Curso de Comunica\u00e7\u00e3o Social &#8211; Jornalismo; al\u00e9m de permitir ao aluno o desenvolvimento de projetos ligados \u00e0 \u00e1rea, sob a supervis\u00e3o do docente ou <b>t\u00e9cnico respons\u00e1vel<\/b>, Bruno Caputo.<\/span><br \/>\n<span lang=\"PT-BR\"><br \/>\n<\/span> <span lang=\"PT-BR\"><b>Local<\/b>: sala 3.27 RE \u2013 Campus CTAN\/UFSJ<\/span><br \/>\n<b>Hor\u00e1rio de atendimento 2018\/2<\/b>: segunda, quarta e quinta-feira: 12h \u00e0s 17h e 19h \u00e0s 22h \/ Ter\u00e7as e sextas-feiras: 12h \u00e0s 16h e de 19h \u00e0s 23h<br \/>\n<b>Telefone<\/b>: (32) 3373-4258<br \/>\n<strong>Email:<\/strong>\u00a0<a href=\"mailto:labradioufsj@gmail.com\" target=\"_blank\" rel=\"noopener noreferrer\">labradioufsj@gmail.com<br \/>\n<\/a><\/p>\n<p style=\"text-align: justify;\"><strong>ATEN\u00c7\u00c3O!<\/strong> O funcionamento do Laborat\u00f3rio de Radiojornalismo fora desses hor\u00e1rios s\u00f3 ser\u00e1 permitido com autoriza\u00e7\u00e3o pr\u00e9via da Coordena\u00e7\u00e3o do Curso e com acompanhamento do funcion\u00e1rio, bolsista, monitor ou professor respons\u00e1vel pelo mesmo. Em hip\u00f3tese alguma o Laborat\u00f3rio poder\u00e1 ser utilizado pelos alunos sem a presen\u00e7a e o acompanhamento de um professor, bolsista ou monitor e do t\u00e9cnico respons\u00e1vel.<\/p>\n<p>Para uso, o agendamento pr\u00e9vio deve ser realizado pelo <a href=\"mailto:labradioufsj@gmail.com\">email<\/a>, pois a equipe do LabR\u00e1dio atende demandas externas e esses hor\u00e1rios podem ter varia\u00e7\u00f5es eventualmente.<\/p>\n<p><strong>Em 2018\/2<\/strong>, o Laborat\u00f3rio de Radiojornalismo da UFSJ conta tamb\u00e9m com a colabora\u00e7\u00e3o das monitoras Ana Quadros e Rhayssa Souza, que atendem no hor\u00e1rio entre 17h \u00e0s 19h.<\/p>\n<p><strong>Empr\u00e9stimo de equipamentos<\/strong><\/p>\n<p style=\"text-align: justify;\">A retirada de equipamentos port\u00e1teis do Laborat\u00f3rio de Radiojornalismo, como os gravadores digitais, para atividades acad\u00eamicas ser\u00e1 formalizada atrav\u00e9s do preenchimento do\u00a0<b><a href=\"https:\/\/docs.google.com\/document\/d\/1qdg8wy5klNuVBXd1vrEMZEHECb34McXpKtQVxldvT1s\/edit?usp=sharing\" target=\"_blank\" rel=\"noopener noreferrer\">Termo de Empr\u00e9stimo<\/a><\/b>\u00a0pelo usu\u00e1rio e assinado pelo docente respons\u00e1vel pela disciplina ministrada, sob a supervis\u00e3o do t\u00e9cnico respons\u00e1vel.\u00a0O aluno deve testar todos os equipamentos e acess\u00f3rios na presen\u00e7a do t\u00e9cnico respons\u00e1vel para comprovar o perfeito funcionamento dos mesmos.<\/p>\n<p style=\"text-align: justify;\">No ato da devolu\u00e7\u00e3o, o t\u00e9cnico do Laborat\u00f3rio deve conferir a integridade e perfeito funcionamento dos equipamentos na presen\u00e7a do \u00faltimo usu\u00e1rio. O material deve ser devolvido nas mesmas condi\u00e7\u00f5es em que foi retirado. Ap\u00f3s a checagem, o respons\u00e1vel pelo Laborat\u00f3rio preenche o\u00a0<b><a href=\"https:\/\/docs.google.com\/document\/d\/1tMuKFav0oA3kkLdIfyuTNWsSh10PupyanDUg3_-F0C8\/edit?usp=sharing\" target=\"_blank\" rel=\"noopener noreferrer\">Termo de Devolu\u00e7\u00e3o<\/a><\/b>, que deve ser assinado tamb\u00e9m pelo usu\u00e1rio. Este documento isenta-o de quaisquer problemas t\u00e9cnicos que venham a ser detectados ap\u00f3s a devolu\u00e7\u00e3o.<\/p>\n<p style=\"text-align: justify;\">Para informa\u00e7\u00f5es sobre procedimentos de uso do Laborat\u00f3rio de Radiojornalismo e retirada de equipamentos, acesse o\u00a0<b><a href=\"https:\/\/docs.google.com\/document\/d\/1ALr1mRqZIX-mnkt4Gyo_dB4LfQmYJq1TJOimDLAZMkQ\/edit?usp=sharing\" target=\"_blank\" rel=\"noopener noreferrer\">Regulamento do Laborat\u00f3rio de Radiojornalismo<\/a><\/b>\u00a0e o\u00a0<b><a href=\"https:\/\/docs.google.com\/document\/d\/1Bf2r-QWywhBYpn-KDjTUidjNkHL4gEvNlAIDd97Rb5U\/edit?usp=sharing\" target=\"_blank\" rel=\"noopener noreferrer\">Regulamento Geral dos Laborat\u00f3rios<\/a><\/b>\u00a0do curso de Comunica\u00e7\u00e3o Social &#8211; Jornalismo.<\/p>\n","protected":false},"excerpt":{"rendered":"<p>O Laborat\u00f3rio de R\u00e1dio visa dar o apoio necess\u00e1rio \u00e0s atividades acad\u00eamicas e pr\u00e1ticas ligadas \u00e0 disciplina Oficina de Radiojornalismo. Este laborat\u00f3rio possui os seguintes objetivos: Estimular e promover o conhecimento e as atividades pr\u00e1ticas na \u00e1rea da disciplina Oficina&#8230;<\/p>\n","protected":false},"author":3,"featured_media":0,"parent":0,"menu_order":0,"comment_status":"open","ping_status":"open","template":"","meta":{"_monsterinsights_skip_tracking":false,"_monsterinsights_sitenote_active":false,"_monsterinsights_sitenote_note":"","_monsterinsights_sitenote_category":0},"yoast_head":"<!-- This site is optimized with the Yoast SEO plugin v20.6 - https:\/\/yoast.com\/wordpress\/plugins\/seo\/ -->\n<title>Radiojornalismo - Jornalismo UFSJ<\/title>\n<meta name=\"robots\" content=\"index, follow, max-snippet:-1, max-image-preview:large, max-video-preview:-1\" \/>\n<link rel=\"canonical\" href=\"http:\/\/anu.ufsj.edu.br\/site\/radiojornalismo\/\" \/>\n<meta property=\"og:locale\" content=\"pt_BR\" \/>\n<meta property=\"og:type\" content=\"article\" \/>\n<meta property=\"og:title\" content=\"Radiojornalismo - Jornalismo UFSJ\" \/>\n<meta property=\"og:description\" content=\"O Laborat\u00f3rio de R\u00e1dio visa dar o apoio necess\u00e1rio \u00e0s atividades acad\u00eamicas e pr\u00e1ticas ligadas \u00e0 disciplina Oficina de Radiojornalismo. Este laborat\u00f3rio possui os seguintes objetivos: Estimular e promover o conhecimento e as atividades pr\u00e1ticas na \u00e1rea da disciplina Oficina...\" \/>\n<meta property=\"og:url\" content=\"http:\/\/anu.ufsj.edu.br\/site\/radiojornalismo\/\" \/>\n<meta property=\"og:site_name\" content=\"Jornalismo UFSJ\" \/>\n<meta property=\"article:publisher\" content=\"https:\/\/www.facebook.com\/jornalismoufsj\/\" \/>\n<meta property=\"article:modified_time\" content=\"2018-10-15T03:45:00+00:00\" \/>\n<meta property=\"og:image\" content=\"http:\/\/jornalismo.ufsj.edu.br\/wp-content\/uploads\/2015\/08\/radiojornalismo.jpg?w=300\" \/>\n<meta name=\"twitter:card\" content=\"summary_large_image\" \/>\n<meta name=\"twitter:site\" content=\"@jornalismoufsj\" \/>\n<meta name=\"twitter:label1\" content=\"Est. tempo de leitura\" \/>\n\t<meta name=\"twitter:data1\" content=\"2 minutos\" \/>\n<script type=\"application\/ld+json\" class=\"yoast-schema-graph\">{\"@context\":\"https:\/\/schema.org\",\"@graph\":[{\"@type\":\"WebPage\",\"@id\":\"http:\/\/anu.ufsj.edu.br\/site\/radiojornalismo\/\",\"url\":\"http:\/\/anu.ufsj.edu.br\/site\/radiojornalismo\/\",\"name\":\"Radiojornalismo - Jornalismo UFSJ\",\"isPartOf\":{\"@id\":\"http:\/\/jornalismo.ufsj.edu.br\/site\/#website\"},\"datePublished\":\"2015-08-13T06:31:54+00:00\",\"dateModified\":\"2018-10-15T03:45:00+00:00\",\"breadcrumb\":{\"@id\":\"http:\/\/anu.ufsj.edu.br\/site\/radiojornalismo\/#breadcrumb\"},\"inLanguage\":\"pt-BR\",\"potentialAction\":[{\"@type\":\"ReadAction\",\"target\":[\"http:\/\/anu.ufsj.edu.br\/site\/radiojornalismo\/\"]}]},{\"@type\":\"BreadcrumbList\",\"@id\":\"http:\/\/anu.ufsj.edu.br\/site\/radiojornalismo\/#breadcrumb\",\"itemListElement\":[{\"@type\":\"ListItem\",\"position\":1,\"name\":\"In\u00edcio\",\"item\":\"http:\/\/jornalismo.ufsj.edu.br\/site\/\"},{\"@type\":\"ListItem\",\"position\":2,\"name\":\"Radiojornalismo\"}]},{\"@type\":\"WebSite\",\"@id\":\"http:\/\/jornalismo.ufsj.edu.br\/site\/#website\",\"url\":\"http:\/\/jornalismo.ufsj.edu.br\/site\/\",\"name\":\"Jornalismo UFSJ\",\"description\":\"\",\"potentialAction\":[{\"@type\":\"SearchAction\",\"target\":{\"@type\":\"EntryPoint\",\"urlTemplate\":\"http:\/\/jornalismo.ufsj.edu.br\/site\/?s={search_term_string}\"},\"query-input\":\"required name=search_term_string\"}],\"inLanguage\":\"pt-BR\"}]}<\/script>\n<!-- \/ Yoast SEO plugin. -->","yoast_head_json":{"title":"Radiojornalismo - Jornalismo UFSJ","robots":{"index":"index","follow":"follow","max-snippet":"max-snippet:-1","max-image-preview":"max-image-preview:large","max-video-preview":"max-video-preview:-1"},"canonical":"http:\/\/anu.ufsj.edu.br\/site\/radiojornalismo\/","og_locale":"pt_BR","og_type":"article","og_title":"Radiojornalismo - Jornalismo UFSJ","og_description":"O Laborat\u00f3rio de R\u00e1dio visa dar o apoio necess\u00e1rio \u00e0s atividades acad\u00eamicas e pr\u00e1ticas ligadas \u00e0 disciplina Oficina de Radiojornalismo. Este laborat\u00f3rio possui os seguintes objetivos: Estimular e promover o conhecimento e as atividades pr\u00e1ticas na \u00e1rea da disciplina Oficina...","og_url":"http:\/\/anu.ufsj.edu.br\/site\/radiojornalismo\/","og_site_name":"Jornalismo UFSJ","article_publisher":"https:\/\/www.facebook.com\/jornalismoufsj\/","article_modified_time":"2018-10-15T03:45:00+00:00","og_image":[{"url":"http:\/\/jornalismo.ufsj.edu.br\/wp-content\/uploads\/2015\/08\/radiojornalismo.jpg?w=300"}],"twitter_card":"summary_large_image","twitter_site":"@jornalismoufsj","twitter_misc":{"Est. tempo de leitura":"2 minutos"},"schema":{"@context":"https:\/\/schema.org","@graph":[{"@type":"WebPage","@id":"http:\/\/anu.ufsj.edu.br\/site\/radiojornalismo\/","url":"http:\/\/anu.ufsj.edu.br\/site\/radiojornalismo\/","name":"Radiojornalismo - Jornalismo UFSJ","isPartOf":{"@id":"http:\/\/jornalismo.ufsj.edu.br\/site\/#website"},"datePublished":"2015-08-13T06:31:54+00:00","dateModified":"2018-10-15T03:45:00+00:00","breadcrumb":{"@id":"http:\/\/anu.ufsj.edu.br\/site\/radiojornalismo\/#breadcrumb"},"inLanguage":"pt-BR","potentialAction":[{"@type":"ReadAction","target":["http:\/\/anu.ufsj.edu.br\/site\/radiojornalismo\/"]}]},{"@type":"BreadcrumbList","@id":"http:\/\/anu.ufsj.edu.br\/site\/radiojornalismo\/#breadcrumb","itemListElement":[{"@type":"ListItem","position":1,"name":"In\u00edcio","item":"http:\/\/jornalismo.ufsj.edu.br\/site\/"},{"@type":"ListItem","position":2,"name":"Radiojornalismo"}]},{"@type":"WebSite","@id":"http:\/\/jornalismo.ufsj.edu.br\/site\/#website","url":"http:\/\/jornalismo.ufsj.edu.br\/site\/","name":"Jornalismo UFSJ","description":"","potentialAction":[{"@type":"SearchAction","target":{"@type":"EntryPoint","urlTemplate":"http:\/\/jornalismo.ufsj.edu.br\/site\/?s={search_term_string}"},"query-input":"required name=search_term_string"}],"inLanguage":"pt-BR"}]}},"_links":{"self":[{"href":"http:\/\/anu.ufsj.edu.br\/site\/wp-json\/wp\/v2\/pages\/751"}],"collection":[{"href":"http:\/\/anu.ufsj.edu.br\/site\/wp-json\/wp\/v2\/pages"}],"about":[{"href":"http:\/\/anu.ufsj.edu.br\/site\/wp-json\/wp\/v2\/types\/page"}],"author":[{"embeddable":true,"href":"http:\/\/anu.ufsj.edu.br\/site\/wp-json\/wp\/v2\/users\/3"}],"replies":[{"embeddable":true,"href":"http:\/\/anu.ufsj.edu.br\/site\/wp-json\/wp\/v2\/comments?post=751"}],"version-history":[{"count":2,"href":"http:\/\/anu.ufsj.edu.br\/site\/wp-json\/wp\/v2\/pages\/751\/revisions"}],"predecessor-version":[{"id":6414,"href":"http:\/\/anu.ufsj.edu.br\/site\/wp-json\/wp\/v2\/pages\/751\/revisions\/6414"}],"wp:attachment":[{"href":"http:\/\/anu.ufsj.edu.br\/site\/wp-json\/wp\/v2\/media?parent=751"}],"curies":[{"name":"wp","href":"https:\/\/api.w.org\/{rel}","templated":true}]}}

<p><a href="http://jornalismo.ufsj.edu.br/wp-content/uploads/2015/08/radiojornalismo.jpg"><img loading="lazy" class="alignnone size-medium wp-image-752" src="http://jornalismo.ufsj.edu.br/wp-content/uploads/2015/08/radiojornalismo.jpg?w=300" alt="radiojornalismo" width="300" height="98" /></a></p>
<p style="text-align: justify;"><span lang="PT-BR">O Laboratório de Rádio visa dar o apoio necessário às atividades acadêmicas e práticas ligadas à disciplina Oficina de Radiojornalismo. Este laboratório possui os seguintes objetivos: Estimular e promover o conhecimento e as atividades práticas na área da disciplina Oficina de Radiojornalismo; Oferecer o suporte possível às demais disciplinas do Curso de Comunicação Social &#8211; Jornalismo; além de permitir ao aluno o desenvolvimento de projetos ligados à área, sob a supervisão do docente ou <b>técnico responsável</b>, Bruno Caputo.</span><br />
<span lang="PT-BR"><br />
</span> <span lang="PT-BR"><b>Local</b>: sala 3.27 RE – Campus CTAN/UFSJ</span><br />
<b>Horário de atendimento 2018/2</b>: segunda, quarta e quinta-feira: 12h às 17h e 19h às 22h / Terças e sextas-feiras: 12h às 16h e de 19h às 23h<br />
<b>Telefone</b>: (32) 3373-4258<br />
<strong>Email:</strong> <a href="mailto:labradioufsj@gmail.com" target="_blank" rel="noopener noreferrer">labradioufsj@gmail.com<br />
</a></p>
<p style="text-align: justify;"><strong>ATENÇÃO!</strong> O funcionamento do Laboratório de Radiojornalismo fora desses horários só será permitido com autorização prévia da Coordenação do Curso e com acompanhamento do funcionário, bolsista, monitor ou professor responsável pelo mesmo. Em hipótese alguma o Laboratório poderá ser utilizado pelos alunos sem a presença e o acompanhamento de um professor, bolsista ou monitor e do técnico responsável.</p>
<p>Para uso, o agendamento prévio deve ser realizado pelo <a href="mailto:labradioufsj@gmail.com">email</a>, pois a equipe do LabRádio atende demandas externas e esses horários podem ter variações eventualmente.</p>
<p><strong>Em 2018/2</strong>, o Laboratório de Radiojornalismo da UFSJ conta também com a colaboração das monitoras Ana Quadros e Rhayssa Souza, que atendem no horário entre 17h às 19h.</p>
<p><strong>Empréstimo de equipamentos</strong></p>
<p style="text-align: justify;">A retirada de equipamentos portáteis do Laboratório de Radiojornalismo, como os gravadores digitais, para atividades acadêmicas será formalizada através do preenchimento do <b><a href="https://docs.google.com/document/d/1qdg8wy5klNuVBXd1vrEMZEHECb34McXpKtQVxldvT1s/edit?usp=sharing" target="_blank" rel="noopener noreferrer">Termo de Empréstimo</a></b> pelo usuário e assinado pelo docente responsável pela disciplina ministrada, sob a supervisão do técnico responsável. O aluno deve testar todos os equipamentos e acessórios na presença do técnico responsável para comprovar o perfeito funcionamento dos mesmos.</p>
<p style="text-align: justify;">No ato da devolução, o técnico do Laboratório deve conferir a integridade e perfeito funcionamento dos equipamentos na presença do último usuário. O material deve ser devolvido nas mesmas condições em que foi retirado. Após a checagem, o responsável pelo Laboratório preenche o <b><a href="https://docs.google.com/document/d/1tMuKFav0oA3kkLdIfyuTNWsSh10PupyanDUg3_-F0C8/edit?usp=sharing" target="_blank" rel="noopener noreferrer">Termo de Devolução</a></b>, que deve ser assinado também pelo usuário. Este documento isenta-o de quaisquer problemas técnicos que venham a ser detectados após a devolução.</p>
<p style="text-align: justify;">Para informações sobre procedimentos de uso do Laboratório de Radiojornalismo e retirada de equipamentos, acesse o <b><a href="https://docs.google.com/document/d/1ALr1mRqZIX-mnkt4Gyo_dB4LfQmYJq1TJOimDLAZMkQ/edit?usp=sharing" target="_blank" rel="noopener noreferrer">Regulamento do Laboratório de Radiojornalismo</a></b> e o <b><a href="https://docs.google.com/document/d/1Bf2r-QWywhBYpn-KDjTUidjNkHL4gEvNlAIDd97Rb5U/edit?usp=sharing" target="_blank" rel="noopener noreferrer">Regulamento Geral dos Laboratórios</a></b> do curso de Comunicação Social &#8211; Jornalismo.</p>

<p>O Laboratório de Rádio visa dar o apoio necessário às atividades acadêmicas e práticas ligadas à disciplina Oficina de Radiojornalismo. Este laboratório possui os seguintes objetivos: Estimular e promover o conhecimento e as atividades práticas na área da disciplina Oficina&#8230;</p>

<!-- This site is optimized with the Yoast SEO plugin v20.6 - https://yoast.com/wordpress/plugins/seo/ -->
<title>Radiojornalismo - Jornalismo UFSJ</title>
<meta name="robots" content="index, follow, max-snippet:-1, max-image-preview:large, max-video-preview:-1" />
<link rel="canonical" href="http://anu.ufsj.edu.br/site/radiojornalismo/" />
<meta property="og:locale" content="pt_BR" />
<meta property="og:type" content="article" />
<meta property="og:title" content="Radiojornalismo - Jornalismo UFSJ" />
<meta property="og:description" content="O Laboratório de Rádio visa dar o apoio necessário às atividades acadêmicas e práticas ligadas à disciplina Oficina de Radiojornalismo. Este laboratório possui os seguintes objetivos: Estimular e promover o conhecimento e as atividades práticas na área da disciplina Oficina..." />
<meta property="og:url" content="http://anu.ufsj.edu.br/site/radiojornalismo/" />
<meta property="og:site_name" content="Jornalismo UFSJ" />
<meta property="article:publisher" content="https://www.facebook.com/jornalismoufsj/" />
<meta property="article:modified_time" content="2018-10-15T03:45:00+00:00" />
<meta property="og:image" content="http://jornalismo.ufsj.edu.br/wp-content/uploads/2015/08/radiojornalismo.jpg?w=300" />
<meta name="twitter:card" content="summary_large_image" />
<meta name="twitter:site" content="@jornalismoufsj" />
<meta name="twitter:label1" content="Est. tempo de leitura" />
	<meta name="twitter:data1" content="2 minutos" />
<script type="application/ld+json" class="yoast-schema-graph">{"@context":"https://schema.org","@graph":[{"@type":"WebPage","@id":"http://anu.ufsj.edu.br/site/radiojornalismo/","url":"http://anu.ufsj.edu.br/site/radiojornalismo/","name":"Radiojornalismo - Jornalismo UFSJ","isPartOf":{"@id":"http://jornalismo.ufsj.edu.br/site/#website"},"datePublished":"2015-08-13T06:31:54+00:00","dateModified":"2018-10-15T03:45:00+00:00","breadcrumb":{"@id":"http://anu.ufsj.edu.br/site/radiojornalismo/#breadcrumb"},"inLanguage":"pt-BR","potentialAction":[{"@type":"ReadAction","target":["http://anu.ufsj.edu.br/site/radiojornalismo/"]}]},{"@type":"BreadcrumbList","@id":"http://anu.ufsj.edu.br/site/radiojornalismo/#breadcrumb","itemListElement":[{"@type":"ListItem","position":1,"name":"Início","item":"http://jornalismo.ufsj.edu.br/site/"},{"@type":"ListItem","position":2,"name":"Radiojornalismo"}]},{"@type":"WebSite","@id":"http://jornalismo.ufsj.edu.br/site/#website","url":"http://jornalismo.ufsj.edu.br/site/","name":"Jornalismo UFSJ","description":"","potentialAction":[{"@type":"SearchAction","target":{"@type":"EntryPoint","urlTemplate":"http://jornalismo.ufsj.edu.br/site/?s={search_term_string}"},"query-input":"required name=search_term_string"}],"inLanguage":"pt-BR"}]}</script>
<!-- / Yoast SEO plugin. -->

O Laboratório de Rádio visa dar o apoio necessário às atividades acadêmicas e práticas ligadas à disciplina Oficina de Radiojornalismo. Este laboratório possui os seguintes objetivos: Estimular e promover o conhecimento e as atividades práticas na área da disciplina Oficina...

Início
